 = 36 + g. What is the tens digit of p?
3
Suppose b = -0*b + 44. Let j(q) = -2*q**3 + 3*q**2 + q + 3. Let i be j(3). Let p = b + i. What is the tens digit of p?
2
Let b = 22 + -20. Suppose 5*n = b*n - 24. Let s(p) = 2*p**2 + 10*p - 1. What is the units digit of s(n)?
7
Suppose 1740 = 130*n - 128*n. What is the tens digit of n?
7
Suppose 8723*g + 32904 = 8732*g. What is the tens digit of g?
5
Let q = -153 + 154. What is the units digit of 3*112 - (-2 + q)*-1?
5
Suppose 3*h + 12 = 0, -3*v - 4*h + 1388 = -3975. What is the tens digit of v?
9
Let n(d) = 24*d**3 - d**2 + 1. Let a be n(-1). Suppose -4*g + 2 = 14. Let t = g - a. What is the tens digit of t?
2
Suppose -3*a - 16 - 11 = -3*j, 16 = 4*j + a. Suppose -j*u + u + 8 = 0. Suppose u*y - 6 = y. What is the units digit of y?
6
Suppose -4*d - 10*y = -8*y - 5874, -4*y - 7375 = -5*d. What is the thousands digit of d?
1
Let f(z) = 69*z + 18. Let g be f(4). Suppose -5*d + g = -21. What is the units digit of d?
3
Let h(n) = 2*n**2 - 19*n + 41. Let o be ((-34)/4 - 0)/((-6)/12). What is the tens digit of h(o)?
9
Let l be (1/2)/((-1)/(-4)). Suppose -o + l = -3*o. What is the units digit of (o/(-1))/((-3)/(-18))?
6
Let a be (13/2)/(13/26). Suppose a*s - 19*s = -852. What is the units digit of s?
2
Let w(j) = -8*j**3 - 5*j**2 - 2*j - 1. What is the units digit of w(-3)?
6
Let p(c) = c**3 - 4*c**2 - 3*c - 7. Let j be p(5). Suppose -4*h + 3*r - 5*r + 422 = 0, j*r - 321 = -3*h. What is the units digit of h?
4
Let d = -37 + 11. Let p = d + 34. What is the units digit of p?
8
Let q be (155/(-10))/(4/120). Let w = -276 - q. What is the units digit of w?
9
Suppose 0 = 2*y - 22 + 20. What is the hundreds digit of (-3 - 0)/(y/(-54))?
1
Let v = 719 + -460. What is the hundreds digit of v?
2
Let b = 5 + -1. Suppose -3 - 1 = b*w. What is the units digit of 9/(1/(-2) - w)?
8
Let j be (5/2 + -2)*-4. Let x be (-27)/(-6)*j/(-3). What is the units digit of (-32)/(-4) - 1*x?
5
What is the units digit of 1 + 511/2 + (-6)/(-4)?
8
Let k = 848 - 429. Suppose -4*s - s - k = -3*q, -2*q + 286 = -5*s. What is the tens digit of q?
3
What is the tens digit of 333/(5 + -6)*-1?
3
Suppose 3*u + 10 = 3*s - 5, -5*u = 25. Suppose s = -3*i - 286 + 91. Let j = 10 - i. What is the units digit of j?
5
Let x = -21 - 6. Let b be -4 + x/(-6 + 3). Suppose -g = 2*p - 11, -b*p + 0 = -4*g - 21. What is the units digit of p?
5
Let x(k) = 33*k**3 + k**2 + k + 1. Let n be x(2). Let t = -115 + n. Let g = t + -99. What is the tens digit of g?
5
Let h = -651 - -1263. What is the hundreds digit of h?
6
Let m = 10 - 8. Suppose -8 = -m*r, -5*r + 9 = -s - 0*s. Let d = s - -7. What is the tens digit of d?
1
Suppose -86*d + 88*d = 10. Suppose -3*n = -4*p + 596, 4*n + 745 = d*p + 8*n. What is the units digit of p?
9
What is the units digit of ((-7936)/(-12))/((-1)/(-3))?
4
Suppose 0 = -5*l - 4*h + 1649, -4*h = l - 377 + 60. What is the tens digit of l?
3
What is the tens digit of (1/(-2))/((6 + -2)/(-584))?
7
Suppose 0 = -0*p + 2*p + 58. Let a be 44/28*31 + (-10)/(-35). Let u = a + p. What is the units digit of u?
0
Let y(b) = 127*b + 58. What is the units digit of y(4)?
6
Let o(v) = -9*v**3 - 2*v**2 - v + 1. Let g be o(-1). Let s(x) = -x + 11. Let l be s(g). Let u = 0 + l. What is the units digit of u?
2
What is the tens digit of 7350/4 + -5 + (-90)/(-36)?
3
Suppose 0*o - 30 = 5*o. Let f be ((-34)/o)/(9/216). Suppose p - 141 = -3*p - a, 4*p = 4*a + f. What is the units digit of p?
5
Let q = 234 - 84. What is the tens digit of q?
5
Let c(q) be the second derivative of q**3 + 15*q**2/2 - 7*q. Let z be c(10). Let r = 120 - z. What is the tens digit of r?
4
Let n = -28 - -33. Suppose -n*k + 57 = i, -5*i - k + 153 = -108. What is the units digit of i?
2
Suppose 4*w + 5*m + 318 + 1139 = 0, -2*m = 4*w + 1442. Let o be (-1)/3 - w/(-6). What is the units digit of (-1 - -2)/((-2)/o)?
0
Let s(n) be the third derivative of -n**6/120 + n**5/15 - n**4/12 + 5*n**2. Let i be s(3). Suppose i*x - x = 12. What is the units digit of x?
6
Let h(d) = 2*d**3 - 4*d**2 - 11*d - 7. What is the units digit of h(4)?
3
What is the tens digit of (-10055)/(-10) - (-2 - 18/(-12))?
0
Suppose -35 + 10 = -5*p. Suppose -2*s + 8 - 20 = p*n, s - 2*n = 12. Suppose 0 = 3*m - 5*m + 3*f + 39, -m + 27 = -s*f. What is the units digit of m?
5
Let h = 1096 - 569. What is the units digit of h?
7
Let k(r) be the third derivative of r**4/8 - 5*r**3/6 - 12*r**2. Let l be k(7). Let h = 0 + l. What is the tens digit of h?
1
Let b = 69 - 45. Let i = b + -17. Suppose -4*c = 4*l + 8, i = -5*l - 3*c - c. What is the units digit of l?
1
Let n(b) = b**2 - 5*b + 10. Let f = 36 + -27. What is the units digit of n(f)?
6
Let l = -15 - -19. Suppose l*g - 4 = 2*j - 28, -8 = g - j. Let o = 15 + g. What is the units digit of o?
1
Suppose 3*l + 2 = -3*n + 4*n, 4*n - 58 = 2*l. Suppose -n*u - 250 = -27*u. What is the tens digit of u?
2
Let t be (2/8)/((-5)/(-20)). Let k = 1 + t. Suppose 2*g - 36 = -k*g. What is the units digit of g?
9
Suppose -4*z = 2*d - 9*z - 2845, -5*z - 5 = 0. What is the units digit of d?
0
Let k be 2 - (-2 + (7 - -2)). Let f = k + 7. Suppose a + 2*y = 6*y + 19, -f*y - 20 = -4*a. What is the units digit of a?
3
Let z = -2023 - -3340. What is the hundreds digit of z?
3
Let r = 28 + -140. Let q be (r/(-3))/((-2)/(-12)). Suppose -5*t + 4*g + 13 = -q, 4*t - 186 = 5*g. What is the tens digit of t?
4
Suppose 4*z - 2843 = -5*v, -4 = 9*v - 5*v. What is the units digit of z?
2
Let u = -48 - -82. Suppose -18*w + 16*w = 34. Let n = w + u. What is the tens digit of n?
1
Suppose 3*k = 67 - 37. What is the tens digit of (0 - k)*(-36)/((-18)/(-3))?
6
Let x(m) = 8*m - 12. What is the tens digit of x(11)?
7
Let f = 1312 + -570. What is the units digit of f?
2
Suppose 4*z - 45 = -13. Let r(l) be the first derivative of l**3/3 - 5*l**2/2 + 6*l - 13. What is the tens digit of r(z)?
3
Let r(d) = d**3 - 5*d**2 - 3*d + 4. Let a be r(5). Suppose 42 = -6*q - 162. Let m = a - q. What is the tens digit of m?
2
Suppose -3*g - 8*z = -10*z - 3075, 0 = -5*z + 15. What is the thousands digit of g?
1
Let r(s) = -s**3 + 2*s**2 + 9*s + 1. Let l(j) = j**2 - 1. Let p(f) = 4*l(f) + r(f). Suppose -2*h + 2 = -12. What is the units digit of p(h)?
1
Suppose -5 - 7 = 2*y. What is the tens digit of y/(-10) + 2254/35?
6
Let p be -4 - -4 - 2 - -6. Suppose 60 = p*i - 180. What is the units digit of i?
0
Let r = -2314 - -3319. What is the thousands digit of r?
1
Let j(k) = 2*k - 36. Let w be j(18). Suppose w = -4*n + 8*n - 4. What is the units digit of n?
1
Let b = 921 - 629. Let o = b - 123. What is the hundreds digit of o?
1
What is the thousands digit of (-11 + (-126)/(-14))*(-3714)/4?
1
What is the units digit of 800/300*(-2718)/(-8)?
6
Let j be -2*((-2)/(-2))/(-2). Suppose -2*s + 17 = j. What is the units digit of s?
8
What is the tens digit of (-3 + (-57)/(-15))/((-14)/(-1505))?
8
Suppose 5*t + 3*a = a - 36, -4*t + 2*a - 36 = 0. Let n(r) = -14*r - 28. What is the tens digit of n(t)?
8
What is the tens digit of ((-4255)/20 + -2)*(-6 + 2)?
5
Let z be 1/(-8)*2*-4. Let n(j) = 27*j**2 - 6*j + 3. Let i(a) = -a**2 - 2*a + 1. Let x(m) = -4*i(m) + n(m). What is the tens digit of x(z)?
3
Suppose -3*p + 3 = -0*p. What is the hundreds digit of (-1)/((-2)/604*p)?
3
Let y(d) = -5*d + d**2 - 5 + 5 - 2*d + 5. What is the units digit of y(7)?
5
Suppose -36*f + 37*f - 419 = 0. What is the hundreds digit of f?
4
Suppose 5*q - 3*q - 12 = 0. Let c be q/(-15) + (-544)/(-10). Suppose 122 = 5*f - 2*h, 0 = -2*f + 2*h - 10 + c. What is the units digit of f?
6
Let z = 80 - 70. What is the units digit of (z/15)/((-173)/174 - -1)?
6
Let x(n) = 5*n**3 - 15*n**2 - 10*n - 10. Let k = 14 - 13. Let j(l) = -l**3 + l**2 + 1. Let o(v) = k*x(v) + 4*j(v). What is the tens digit of o(12)?
1
Let s(b) = 3*b - 1. Let y be s(1). Suppose 4 = y*i - i. Suppose -i = -l + 12. What is the tens digit of l?
1
Let u(d) = -d**3 + d**2 + 6. Let f be u(0). Suppose f*q - 2*q - 32 = 0. Suppose -5*i + 3*n + 51 = 0, 3*n + q = i - 7. What is the units digit of i?
9
Let x(b) = 43*b + 2. Let o be x(1). Suppose q - o - 63 = 0. Suppose -2*w + 4*m = -0*w - 82, 3*w = 3*m + q. What is the units digit of w?
1
Suppose -4*f = -5*w + 97, -5*w - 47 = 2*f + 2*f. Let i = -13 - f. Suppose i*x = -15, 3*l - 3*x = x + 108.